of -15 - (15 + -38 + 0)?
8
Calculate 3 + 8 + 5 - (48 - (2 + -1)).
-31
Evaluate -34 + 31 + 3 + -2 + 2 + -4.
-4
Evaluate 13 + -27 + -30 - -20 - -8.
-16
What is the value of (0 - -2) + -5 + (1698 - 1670)?
25
What is -57 - (47 - (11 - -4) - 20)?
-69
What is (6 - (14 + (-3 - 0))) + -5 - (46 + 2)?
-58
Calculate (-22 - -42) + -68 + (-11 - -46).
-13
What is the value of 11 - -2 - (31 - 19) - ((38 - 1) + -3)?
-33
What is the value of (3 - (2 + -2)) + (-62 - (-121 - -84))?
-22
Calculate (-17 - 1) + 4 + 2 - (59 + 58 + -141).
12
Evaluate 14 + (5 - 16 - 1) - 85.
-83
18 + 21 + 3 + 3 - 10 - 7
28
What is the value of (101 - (-21 - -13)) + (-18 - 0 - (25 - 37))?
103
What is 0 + -36 + 20 + (3 - -111)?
98
10 - (31 + -107 + 68 - (-12 + 1))
7
What is the value of (-20 - 2 - (-1 + -9)) + (83 - 29)?
42
What is the value of 53 + 5 - ((-4 - -43) + -18)?
37
(0 - (12 - 3) - (-243 + 334)) + 9
-91
53 + (-53 + 1 - 6)
-5
Calculate 9 - 0 - ((16 - 34) + 25) - (-78 - -19).
61
(34 - 12) + -5 + 4 + (10 - 0) + -7
24
What is the value of (-7 - -28) + (8 - (8 - -85))?
-64
What is the value of -21 + 2 - (-4163 - -4194)?
-50
What is -2 - (8 - (-13 + (-7 - -4 - -100)))?
74
What is the value of 12 + -16 + -4 + (34 - 15) + -10?
1
Calculate 20 + -2 - (2 + -3 + -8 - -13).
14
What is 20 - ((-34 - 60) + 177)?
-63
What is (114 - 34) + -34 - (4 - -7)?
35
Calculate (1 + (3 - (6 + -4) - 8) - 5) + -31.
-42
Evaluate (2 - (2 + -3)) + (-6 - (2 + 0)) - 59.
-64
Calculate -18 + (-96 + 40 - -135).
61
1798 + -1796 + (1 - -85 - (1 - 2)) - -10
99
What is (-41 - 42 - -55) + (92 - -1)?
65
Evaluate (31 - (4 - 3)) + (0 - 0) - (24953 - 24966).
43
What is the value of -67 + -17 + 22 - (11 + 1 + -5 + -6)?
-63
(-2 + 3 - (2 + (3 - -32))) + -10 + 1
-45
What is the value of 702 + -708 - (127 - (-4 + 3 - (-5 + 4)))?
-133
233 + -218 - (-5 + 139 + -8 + -10 + 5)
-106
What is 2 + -1 - -1 - (59 + -13 + -31)?
-13
Evaluate 19 - (-4 + (-8 - -1 - (6 + -14))).
22
Calculate (33 - (-33 - -63)) + 8.
11
What is the value of 26 + (-1 - -3) - (14 + -41 + 19 - -18)?
18
Evaluate (-228 - -218) + -3 + -25 + 4 + -5.
-39
Calculate (-2 - -6) + (31 + -31 - (17 + 8 + -30)).
9
What is -35 + -2 + 1 + 19 + (8 - 21)?
-30
Evaluate 35 - (50 - 9 - -7) - ((-89 - 1) + 1).
76
What is the value of 3 + -59 + (33 + 11 + -57 - -6)?
-63
What is the value of 1 + 10 + (17 - 1) + -665 + 644 + -20?
-14
Evaluate (12 - 18 - -10) + -23 + -59 + -6.
-84
Evaluate (1216 - 1286) + (-2 - 5).
-77
Evaluate 47 + -63 + (-19 - -52).
17
Evaluate 5 + -8 + (-6 - (0 - 23)) + (-46 - -64).
32
Calculate -36 - -23 - (-46 + 28).
5
(30 - 259) + 86 - -88
-55
Calculate (-3 - -6) + (14 - 1) - (125 + (131 - 116)).
-124
What is (-94 - (77 + -191)) + 2 + -1?
21
Evaluate (-7 - (14 + -21 - -15)) + 7 - -3.
-5
What is (13 - -1 - (-27 + 27 + 112)) + -12 + 0?
-110
14 - (-20 + 1 - (-55 + 78))
56
What is -6 + (-2 - -1) - (5208 - 5276)?
61
-36 + (28 - 5) + 3 + -8
-18
Evaluate 40 + -36 - (0 + -1 + -6 + 7).
4
What is 0 + -29 + (-3618 - -3624)?
-23
Calculate (-5 + -1 + 11 - (-30 + 69 + -29)) + 10.
5
What is (-12 - (0 - 3)) + (-911 - -925) - (0 - 7)?
12
What is 36 + (2 - (-5 + 5)) - (-8 + 27 + -11)?
30
What is -31 + -5 + (11 + -9 - -7 - 8)?
-35
Calculate (-14 - 0) + (-371 - (-254 + -17)).
-114
What is the value of 914 + -910 - (74 - (4 - 6 - 1))?
-73
Calculate (14 - -1 - (28 - 3)) + 16 + 6 + -10.
2
What is -7 + 1 - (4735 + -4742)?
1
What is 63 - (21 + 27) - (0 - -22) - -49?
42
What is the value of -10 + 18 + (-2 - -5) + 26?
37
Calculate 8 - (-54 + -3 + 5 + (36 - 32) + 0).
56
297 + -129 + -120 - 0
48
(-82 - -65 - (-39 + 9)) + -10
3
72 + -87 + (-2 - (-2 + -20))
5
Evaluate 7 + -1 + 17 + (4 - (6 - -33)) + 83.
71
Calculate (2321 - 2302) + (2 - 105).
-84
Calculate 668 - 617 - (3 - -19).
29
(1199 - 1128) + (-34 - -3)
40
What is -138 - (-1 + -19 + 0 - -9) - 14?
-141
9 - (-22 - -40 - (2 + -4 - -15))
4
Evaluate 57 + -34 + 0 + -22 + 40.
41
What is 46 + 0 + -15 + (5 - -13)?
49
Calculate 1 - -9 - 4 - (-679 - -690).
-5
What is the value of -26 - (27 - 50) - (-87 - -5)?
79
Evaluate 1 + (-3 - 0) + (107 - (30 - -76)).
-1
Calculate -7 + (79 + -34 - -8).
46
(-14 - (3 - 2)) + 112 + -98 - -91
90
Evaluate -89 + 28 - -62 - (6 + -1) - (-2 - 36).
34
What is 100 + -64 + 1 + -22?
15
What is the value of -18 + -26 + 131 + (-34 - -47)?
100
What is the value of 126 + -2 + 2 + (-46 - -11) + 23 + -6?
108
Calculate 4 + -1 - (-113 - (-4 - 38)).
74
Calculate -50 + (-13 + 15 - -14) + -54.
-88
Calculate -5 + 0 + (6 + -3 - (10 - (-3 + -8))).
-23
What is -49 + (-52 - -66) + -8?
-43
Evaluate 46 + -123 + 30 - -72.
25
What is 9 - (-67 - -6 - (-52 - -55))?
73
What is (79 - 90) + 56 + -148?
-103
Calculate 41 - (-57 - (-27 + -20)).
51
(76 - 61) + (-14 - (-11 - 1))
13
What is 13 + (94 - 68) + (1 - (-10 + 0))?
50
Calculate 7 + (24 - 3) + (138 - 118) - 8.
40
Evaluate (-13 - -1) + ((114 - 13) + (2 - 22) - -18).
87
What is 37 - (17 + (17 - (-34 + 34)))?
3
37 + (-22 - 54 - -1)
-38
What is 1 - (-18 - (-26 + 12 + 61))?
66
What is -12 + -7 + -21 + 21?
-19
What is the value of -10 + 1 - 0 - (1817 - 1720 - (-6 + 0))?
-112
Evaluate 9 - (-18 - (-101 - -60)).
-14
What is -60 - (-111 - (-61 - 41))?
-51
Calculate (27 - (-4 - -2)) + -2 - ((-79 - -185) + -106).
27
Evaluate (11 - -34) + -73 + 51.
23
Evaluate 16 + ((-41 - -55) + -126 - (-15 - 1)).
-80
-134 + -2 + (1269 - 1174)
-41
What is 9 + -129 + 123 + 143 + 0 + 1 + -1?
146
What is the value of -2 + (-43 - -72) + (58 - -10)?
95
Evaluate -24 + 28 + 2 + -10 + (-2 - (-5 + -88)).
87
What is the value of 75 + (64 + (28 - 74) - (-1 + 18))?
76
Evaluate -10 - (-14 - (19 - (118 + 4))).
-99
-42 + 72 - 3 - 44
-17
What is the value of 17909 + -17904 + (1 - 66)?
-60
Calculate (66 - 6 - 0 - (47 + -48)) + -3.
58
(-37 - (44 + -37)) + 0 + -10 + 0
-54
Calculate -94 + -63 + 29 + 128.
0
Evaluate 9 - (1 - -8) - -13 - (-3 + 0 + -1).
17
What is -318 + 372 + (-33 - -1) - (1 + -23)?
44
Calculate -28 + (6 - 3) + -14 + -11.
-50
(7 + -23 - -57) + (11 - (5 - 0))
47
What is the value of 43 + (0 - -10) - 48?
5
Evaluate -24 - (-7 - -17 - 3) - (-6 + 3).
-28
Evaluate -37 - (52 + (-11 - -27) - 33).
-72
Calculate -2397 + 2411 + 1 + -6.
9
Evaluate 5 - ((-15 - (37 - 19)) + -36).
74
Evaluate (19 - -24) + -46 - (-1 - 81) - 1.
78
What is the value of 154 - ((-210 - -146) + 173)?
45
Calculate 88 - 97 - (-13 + -1) - (-42 + 106).
-59
Calculate -5 - -23 - (-4 - (11 - -5)).
38
Evaluate -26 - (6 + (-28 - -21 - 9)).
-16
Evaluate 33 + -4 + (68 - 114) - (2 + -6).
-13
19 + 4 - (3 + (-3 - (-22 + (17 - -19))))
37
What is the value of 15 + (0 - 45) + 51?
21
Evaluate 110 + -127 - (-2 + -15) - 37.
-37
-65 - (7 - (-14 + 66))
-20
-115 + (130 - 66) + 14
-37
(18 - -15) + 52 + (51 - 63)
73
Evaluate 70 + 94 + -91 + 7.
80
Calculate (-2 - 1 - 4) + -13 + 14 + (-77 - -40).
-43
-51 + 65 + -57 + 19
-24
-18 - (-20 + 27 - 45) - -7
27
Evaluate 2 - 50 - (-11219 + 11180).
-9
Calculate 3 + 0 - (114 - (117 + 118)).
124
What is the value of -56 - (-76 + 70 + 48)?
-98
Calculate 2 + (-35 + -39 - -21) + 34.
-17
What is the value of 27 + (32 - 64) + (1 - 18) + -5?
-27
What is the value of (48 - 11) + (-14 + 22 - 17 - -5)?
33
-22 - -1 - (-47 - (34 - 44) - 80)
96
-135 - -88 - (0 - (-3 - 33))
-83
Evaluate 42 - (17 + -26) - (-5 + -5 + (9 - 8)).
60
-42 + -56 + -4 + 58
-44
What is the value of 1 + 4 + 500 + -546?
-41
36 - 36 - 14 - -48
34
Evaluate (-5 - 4 - 0) + (1 - (-3 + -14)) - 27.
-18
What is the value of 8 + (5 - (-3 + 9 + 6)) - (-2 + -15)?
18
What is (15 - 0) + 496 + -459 + 8?
60
What is the value of -132 + 141 + -137 + (25 - 2)?
-105
What is -25 - (-1 + (-3 - -21) + -18 + 6)?
-30
60 - (-56 + 25 + 53)
38
What is the value of -1 + 17 - (-59 + 62) - 26?
-13
-79 + 68 + 2 + -2 + 18
7
What is the value of (279 - 298) + (55 - -1) + -24 + 0 + -13?
0
Calculate 33 - (34 + 17 - -8) - 64.
-90
-34 - (-2 + (1 - (14 - 7) - 0))
-26
Calculate -22 + (-22 - -45) + (1 - -9).
11
Calculate (-37 + 79 - 9) + 90 - 49.
74
What is -41 - ((11 - -1) + -11 + -44 + 40)?
-38
Calculate (-2 - -7) + (-1 - 9) + 8 + -35.
-32
Calculate (-38 - (-30 - -5)) + (-1 - (-24 - 1)).
11
-30 + 7 + 8 + 2 + 56
43
What is (10 - -4) + -28 + -3 + 16?
-1
Calculate -5566 - -5486 - (0 - 20).
-60
What is 178 - 105 - 1 - 31?
41
Evaluate 49 + -1 - (-14 + (-39 - -72)).
29
Calculate 24 + 42 + -75 + -75.
-84
What is the value of (-13 - 31) + 11 + 